{"id":50454,"date":"2019-03-25T12:38:30","date_gmt":"2019-03-25T10:38:30","guid":{"rendered":"https:\/\/temp.iec.bg\/companies\/ji-myn-miniprof-1\/"},"modified":"2019-03-25T12:38:30","modified_gmt":"2019-03-25T10:38:30","slug":"ji-myn-miniprof-1","status":"publish","type":"companies","link":"https:\/\/technomebel.bg\/en\/companies\/ji-myn-miniprof-1\/","title":{"rendered":"JI\u0158\u00cd MYN\u00c1\u0158 \/ MINIPROF"},"content":{"rendered":"","protected":false},"author":11,"featured_media":0,"menu_order":0,"template":"","format":"standard","meta":{"_acf_changed":false,"inline_featured_image":false,"footnotes":""},"year-companies":[1600],"class_list":["post-50454","companies","type-companies","status-publish","format-standard","hentry","year-companies-1600"],"acf":[],"_links":{"self":[{"href":"https:\/\/technomebel.bg\/en\/wp-json\/wp\/v2\/companies\/50454","targetHints":{"allow":["GET"]}}],"collection":[{"href":"https:\/\/technomebel.bg\/en\/wp-json\/wp\/v2\/companies"}],"about":[{"href":"https:\/\/technomebel.bg\/en\/wp-json\/wp\/v2\/types\/companies"}],"author":[{"embeddable":true,"href":"https:\/\/technomebel.bg\/en\/wp-json\/wp\/v2\/users\/11"}],"version-history":[{"count":0,"href":"https:\/\/technomebel.bg\/en\/wp-json\/wp\/v2\/companies\/50454\/revisions"}],"wp:attachment":[{"href":"https:\/\/technomebel.bg\/en\/wp-json\/wp\/v2\/media?parent=50454"}],"wp:term":[{"taxonomy":"year-companies","embeddable":true,"href":"https:\/\/technomebel.bg\/en\/wp-json\/wp\/v2\/year-companies?post=50454"}],"curies":[{"name":"wp","href":"https:\/\/api.w.org\/{rel}","templated":true}]}}

JIŘÍ MYNÁŘ / MINIPROF
